{"id":229927,"date":"2025-03-14T10:54:18","date_gmt":"2025-03-14T10:54:18","guid":{"rendered":"https:\/\/worldfoodchampionships-france.com\/?page_id=229927"},"modified":"2026-03-28T11:07:16","modified_gmt":"2026-03-28T11:07:16","slug":"inscriptions","status":"publish","type":"page","link":"https:\/\/worldfoodchampionships-france.com\/index.php\/inscriptions\/","title":{"rendered":"Inscriptions"},"content":{"rendered":"<p>[et_pb_section fb_built=&#8221;1&#8243; custom_padding_last_edited=&#8221;on|phone&#8221; module_id=&#8221;edition2025&#8243; _builder_version=&#8221;4.24.2&#8243; _module_preset=&#8221;default&#8221; background_color=&#8221;#272626&#8243; background_enable_image=&#8221;off&#8221; background_size=&#8221;initial&#8221; background_position=&#8221;top_left&#8221; background_vertical_offset=&#8221;55%&#8221; custom_margin=&#8221;0px||0px||false|false&#8221; custom_padding=&#8221;120px||88px||false|false&#8221; custom_padding_tablet=&#8221;120px||120px||false|false&#8221; custom_padding_phone=&#8221;90px||90px||false|false&#8221; background_last_edited=&#8221;on|tablet&#8221; background_enable_image_tablet=&#8221;off&#8221; locked=&#8221;off&#8221; global_colors_info=&#8221;{}&#8221;][et_pb_row use_custom_gutter=&#8221;on&#8221; gutter_width=&#8221;1&#8243; _builder_version=&#8221;4.23.2&#8243; _module_preset=&#8221;default&#8221; width=&#8221;90%&#8221; max_width=&#8221;1290px&#8221; custom_margin=&#8221;0px|auto|25px|auto|false|false&#8221; custom_margin_tablet=&#8221;0px||110px||false|false&#8221; custom_margin_phone=&#8221;0px||85px||false|false&#8221; custom_margin_last_edited=&#8221;on|phone&#8221; custom_padding=&#8221;0px||0px||false|false&#8221; global_colors_info=&#8221;{}&#8221;][et_pb_column type=&#8221;4_4&#8243; _builder_version=&#8221;4.23.2&#8243; _module_preset=&#8221;default&#8221; custom_padding=&#8221;|15px|||false|false&#8221; custom_padding_tablet=&#8221;|15px|||false|false&#8221; custom_padding_phone=&#8221;|0px|||false|false&#8221; custom_padding_last_edited=&#8221;on|phone&#8221; global_colors_info=&#8221;{}&#8221;][et_pb_text _builder_version=&#8221;4.24.2&#8243; _module_preset=&#8221;default&#8221; header_4_font=&#8221;Jost|600||on|||||&#8221; header_4_text_color=&#8221;#f16c00&#8243; header_4_font_size=&#8221;15px&#8221; header_4_letter_spacing=&#8221;0.6px&#8221; header_4_line_height=&#8221;1.2em&#8221; custom_margin=&#8221;0px||10px||false|false&#8221; custom_padding=&#8221;0px||0px||false|false&#8221; animation_style=&#8221;fade&#8221; animation_speed_curve=&#8221;ease&#8221; hover_enabled=&#8221;0&#8243; global_colors_info=&#8221;{}&#8221; sticky_enabled=&#8221;0&#8243;]<\/p>\n<h4 style=\"text-align: center;\">Inscriptions du 1er avril au 30 avril 2026<\/h4>\n<p>[\/et_pb_text][et_pb_text _builder_version=&#8221;4.24.2&#8243; _module_preset=&#8221;default&#8221; header_text_color=&#8221;#FFFFFF&#8221; header_2_font=&#8221;Jost|600||on|||||&#8221; header_2_text_align=&#8221;center&#8221; header_2_text_color=&#8221;#FFFFFF&#8221; header_2_font_size=&#8221;50px&#8221; header_2_line_height=&#8221;1.1em&#8221; max_width=&#8221;84%&#8221; module_alignment=&#8221;center&#8221; custom_margin=&#8221;0px||70px||false|false&#8221; custom_margin_tablet=&#8221;0px||60px||false|false&#8221; custom_margin_phone=&#8221;||30px||false|false&#8221; custom_margin_last_edited=&#8221;on|tablet&#8221; custom_padding=&#8221;0px||0px||false|false&#8221; animation_style=&#8221;fade&#8221; animation_speed_curve=&#8221;ease&#8221; hover_enabled=&#8221;0&#8243; header_2_font_size_tablet=&#8221;42px&#8221; header_2_font_size_phone=&#8221;28px&#8221; header_2_font_size_last_edited=&#8221;on|phone&#8221; global_colors_info=&#8221;{}&#8221; sticky_enabled=&#8221;0&#8243;]<\/p>\n<h2 style=\"text-align: center;\">Participez au WFC France 2026 dans la cat\u00e9gorie BURGER<\/h2>\n<p>[\/et_pb_text][et_pb_text _builder_version=&#8221;4.24.2&#8243; _module_preset=&#8221;default&#8221; text_font=&#8221;Jost||||||||&#8221; text_text_color=&#8221;#FFFFFF&#8221; text_font_size=&#8221;24px&#8221; text_line_height=&#8221;1.6em&#8221; text_orientation=&#8221;center&#8221; max_width=&#8221;39%&#8221; max_width_tablet=&#8221;100%&#8221; max_width_phone=&#8221;100%&#8221; max_width_last_edited=&#8221;on|tablet&#8221; module_alignment=&#8221;center&#8221; custom_margin=&#8221;80px||0px||false|false&#8221; custom_padding=&#8221;0px||0px||false|false&#8221; animation_style=&#8221;fade&#8221; animation_speed_curve=&#8221;ease&#8221; module_alignment_tablet=&#8221;left&#8221; module_alignment_phone=&#8221;left&#8221; module_alignment_last_edited=&#8221;on|tablet&#8221; global_colors_info=&#8221;{}&#8221;]<\/p>\n<p class=\"p2\">Vous \u00eates passionn\u00e9 de burger et pr\u00eat \u00e0 relever un d\u00e9fi cr\u00e9atif ?<\/p>\n<p class=\"p2\">Tentez de d\u00e9crocher votre place en finale nationale avec votre <strong>\u201cSweet &amp; Sour Burger\u201d<\/strong>.<\/p>\n<p>[\/et_pb_text][et_pb_text _builder_version=&#8221;4.24.2&#8243; _module_preset=&#8221;default&#8221; text_font=&#8221;Jost|||on|||||&#8221; text_text_color=&#8221;#E09900&#8243; text_font_size=&#8221;31px&#8221; text_line_height=&#8221;1.6em&#8221; text_orientation=&#8221;center&#8221; max_width=&#8221;39%&#8221; max_width_tablet=&#8221;100%&#8221; max_width_phone=&#8221;100%&#8221; max_width_last_edited=&#8221;on|tablet&#8221; module_alignment=&#8221;center&#8221; custom_margin=&#8221;80px||0px||false|false&#8221; custom_padding=&#8221;0px||0px||false|false&#8221; animation_style=&#8221;fade&#8221; animation_speed_curve=&#8221;ease&#8221; module_alignment_tablet=&#8221;left&#8221; module_alignment_phone=&#8221;left&#8221; module_alignment_last_edited=&#8221;on|tablet&#8221; global_colors_info=&#8221;{}&#8221;]<\/p>\n<p class=\"p1\" style=\"text-align: center;\"><b>Conditions de participation<\/b><\/p>\n<p>[\/et_pb_text][et_pb_text _builder_version=&#8221;4.24.2&#8243; _module_preset=&#8221;default&#8221; text_font=&#8221;Poppins||||||||&#8221; text_text_color=&#8221;#FFFFFF&#8221; text_font_size=&#8221;16px&#8221; header_5_font=&#8221;|||on|||||&#8221; header_5_text_color=&#8221;#E09900&#8243; header_5_font_size=&#8221;19px&#8221; custom_padding=&#8221;48px|||||&#8221; global_colors_info=&#8221;{}&#8221;]<\/p>\n<h5 class=\"p1\" style=\"text-align: center;\"><span class=\"s1\">\ud83d\udcc5 <\/span><b>Dates cl\u00e9s<\/b><b><\/b><\/h5>\n<p class=\"p1\" style=\"text-align: center;\"><span style=\"color: #ffffff;\"><strong>\u2022 Ouverture des inscriptions :<\/strong> 1er avril 2026 \u00e0 18h<\/span><\/p>\n<p class=\"p1\" style=\"text-align: center;\"><span style=\"color: #ffffff;\"><strong>\u2022 Cl\u00f4ture des inscriptions :<\/strong> 30 avril 2026 \u00e0 23h59<\/span><\/p>\n<p class=\"p1\" style=\"text-align: center;\"><span style=\"color: #ffffff;\"><b>L\u2019inscription se fait exclusivement par e-mail.<\/b><\/span><\/p>\n<p>[\/et_pb_text][et_pb_text _builder_version=&#8221;4.24.2&#8243; _module_preset=&#8221;default&#8221; text_font=&#8221;Poppins||||||||&#8221; text_text_color=&#8221;#FFFFFF&#8221; text_font_size=&#8221;16px&#8221; header_5_font=&#8221;|||on|||||&#8221; header_5_text_color=&#8221;#E09900&#8243; header_5_font_size=&#8221;19px&#8221; custom_padding=&#8221;48px|||||&#8221; global_colors_info=&#8221;{}&#8221;]<\/p>\n<h5 class=\"p1\" style=\"text-align: center;\"><span class=\"s1\"><\/span><b>Comment s\u2019inscrire ?<\/b><b><\/b><\/h5>\n<p class=\"p1\" style=\"text-align: center;\"><span class=\"s1\"><b>Envoyez un e-mail \u00e0<\/b><\/span> : <a href=\"mailto:inscription@worldfoodchampionships-france.com\">inscription@worldfoodchampionships-france.com<\/a><\/p>\n<p class=\"p1\" style=\"text-align: center;\">\ud83d\udccc <span class=\"s1\"><b>Objet de l\u2019e-mail<\/b><\/span> : <i>Inscription WFC France : Burger 2026 \u2013 [Votre Nom]<\/i><\/p>\n<p><i> <\/i><\/p>\n<p><i><\/i><\/p>\n<p class=\"p1\" style=\"text-align: center;\"><i><\/i><\/p>\n<h5 class=\"p1\" style=\"text-align: center;\"><span class=\"s1\"><b>Pi\u00e8ces \u00e0 joindre \u00e0 l\u2019e-mail<\/b><\/span> (formats PDF, JPEG ou PNG) :<\/h5>\n<p class=\"p2\" style=\"text-align: center;\"><span class=\"s2\">\u2705 <\/span><b>Texte descriptif de votre recette<\/b><span class=\"s2\"> (250 mots)<\/span><\/p>\n<p class=\"p1\" style=\"text-align: center;\">\u2705 <span class=\"s1\"><b>Fiche technique compl\u00e8te<\/b><\/span> (ingr\u00e9dients, grammage, co\u00fbt de revient, d\u00e9roul\u00e9)<\/p>\n<p class=\"p2\" style=\"text-align: center;\"><span class=\"s2\">\u2705 <\/span><b>4 photos du burger sous diff\u00e9rents angles<\/b><\/p>\n<p class=\"p2\" style=\"text-align: center;\"><span class=\"s2\">\u2705 <strong>1 Photo portrait<\/strong><\/span><b><\/b><\/p>\n<p class=\"p1\" style=\"text-align: center;\">\u2705 <span class=\"s1\"><b>CV<\/b><b><\/b><\/span><\/p>\n<p class=\"p2\" style=\"text-align: center;\"><span class=\"s2\">\u2705 <\/span><b>Fiche d\u2019information personnalis\u00e9e<\/b><b><\/b><\/p>\n<p class=\"p2\" style=\"text-align: center;\"><span class=\"s2\">\u2705 <\/span><b>Fiche de mensurations pour la veste<\/b><span class=\"s2\"> <i>(si s\u00e9lectionn\u00e9 en finale)<\/p>\n<p><\/i><\/span><\/p>\n<p class=\"p1\" style=\"text-align: center;\"><i> <\/i><\/p>\n<h5 class=\"p1\" style=\"text-align: center;\"><b>Validation &amp; S\u00e9lection<\/b><b><\/b><\/h5>\n<p class=\"p2\" style=\"text-align: center;\">\n<p class=\"p3\" style=\"text-align: center;\">\ud83d\udce7 Vous recevrez un <span class=\"s1\"><b>e-mail de confirmation<\/b><\/span> apr\u00e8s l\u2019envoi de votre candidature.<\/p>\n<p class=\"p4\" style=\"text-align: center;\"><span class=\"s2\">\ud83d\udcde <\/span><b>Les finalistes seront contact\u00e9s avant le 11 mai 2026.<\/b><b><\/b><\/p>\n<p class=\"p2\" style=\"text-align: center;\">\n<p class=\"p4\" style=\"text-align: center;\"><span class=\"s2\">\u26a0 <\/span><b>Seuls les dossiers complets seront \u00e9tudi\u00e9s.<\/b><b><\/b><\/p>\n<p>[\/et_pb_text][et_pb_button button_url=&#8221;mailto:%20inscription@worldfoodchampionships-france.com&#8221; button_text=&#8221;S&#8217;inscrire&#8221; button_alignment=&#8221;center&#8221; _builder_version=&#8221;4.24.2&#8243; _module_preset=&#8221;default&#8221; custom_button=&#8221;on&#8221; button_text_size=&#8221;14px&#8221; button_text_color=&#8221;#FFFFFF&#8221; button_bg_color=&#8221;#4baf47&#8243; button_border_radius=&#8221;0px&#8221; button_font=&#8221;Jost|600||on|||||&#8221; button_icon=&#8221;&#xf30b;||fa||900&#8243; button_on_hover=&#8221;off&#8221; custom_margin=&#8221;87px||0px||false|false&#8221; custom_padding=&#8221;16px|52px|16px|37px|false|false&#8221; hover_enabled=&#8221;0&#8243; locked=&#8221;off&#8221; global_colors_info=&#8221;{}&#8221; button_bg_color__hover_enabled=&#8221;on|hover&#8221; button_text_color__hover_enabled=&#8221;on|hover&#8221; button_text_color__hover=&#8221;#1e2831&#8243; button_bg_color__hover=&#8221;#FFFFFF&#8221; button_bg_enable_color__hover=&#8221;on&#8221; button_letter_spacing__hover=&#8221;0px&#8221; button_letter_spacing__hover_enabled=&#8221;on|hover&#8221; sticky_enabled=&#8221;0&#8243;][\/et_pb_button][et_pb_button button_url=&#8221;https:\/\/worldfoodchampionships-france.com\/wp-content\/uploads\/2026\/03\/REGLEMENT-ANNEXES-WFC-FRANCE-BURGER-2026.zip&#8221; button_text=&#8221;T\u00e9l\u00e9charger le reglement du concours&#8221; button_alignment=&#8221;center&#8221; _builder_version=&#8221;4.24.2&#8243; _module_preset=&#8221;default&#8221; custom_button=&#8221;on&#8221; button_text_size=&#8221;14px&#8221; button_text_color=&#8221;#FFFFFF&#8221; button_bg_color=&#8221;#5393cc&#8221; button_border_radius=&#8221;0px&#8221; button_font=&#8221;Jost|600||on|||||&#8221; button_icon=&#8221;&#xf30b;||fa||900&#8243; button_on_hover=&#8221;off&#8221; custom_margin=&#8221;10px||0px||false|false&#8221; custom_padding=&#8221;16px|52px|16px|37px|false|false&#8221; hover_enabled=&#8221;0&#8243; locked=&#8221;off&#8221; global_colors_info=&#8221;{}&#8221; button_bg_color__hover_enabled=&#8221;on|hover&#8221; button_text_color__hover_enabled=&#8221;on|hover&#8221; button_text_color__hover=&#8221;#1e2831&#8243; button_bg_color__hover=&#8221;#FFFFFF&#8221; button_bg_enable_color__hover=&#8221;on&#8221; button_letter_spacing__hover=&#8221;0px&#8221; button_letter_spacing__hover_enabled=&#8221;on|hover&#8221; sticky_enabled=&#8221;0&#8243;][\/et_pb_button][\/et_pb_column][\/et_pb_row][\/et_pb_section]<\/p>\n","protected":false},"excerpt":{"rendered":"<p>Inscriptions du 1er avril au 30 avril 2026Participez au WFC France 2026 dans la cat\u00e9gorie BURGERVous \u00eates passionn\u00e9 de burger et pr\u00eat \u00e0 relever un d\u00e9fi cr\u00e9atif ? Tentez de d\u00e9crocher votre place en finale nationale avec votre \u201cSweet &amp; Sour Burger\u201d.Conditions de participation\ud83d\udcc5 Dates cl\u00e9s \u2022 Ouverture des inscriptions : 1er avril 2026 \u00e0 [&hellip;]<\/p>\n","protected":false},"author":1,"featured_media":0,"parent":0,"menu_order":0,"comment_status":"closed","ping_status":"closed","template":"","meta":{"_et_pb_use_builder":"on","_et_pb_old_content":"","_et_gb_content_width":"","footnotes":""},"_links":{"self":[{"href":"https:\/\/worldfoodchampionships-france.com\/index.php\/wp-json\/wp\/v2\/pages\/229927"}],"collection":[{"href":"https:\/\/worldfoodchampionships-france.com\/index.php\/wp-json\/wp\/v2\/pages"}],"about":[{"href":"https:\/\/worldfoodchampionships-france.com\/index.php\/wp-json\/wp\/v2\/types\/page"}],"author":[{"embeddable":true,"href":"https:\/\/worldfoodchampionships-france.com\/index.php\/wp-json\/wp\/v2\/users\/1"}],"replies":[{"embeddable":true,"href":"https:\/\/worldfoodchampionships-france.com\/index.php\/wp-json\/wp\/v2\/comments?post=229927"}],"version-history":[{"count":6,"href":"https:\/\/worldfoodchampionships-france.com\/index.php\/wp-json\/wp\/v2\/pages\/229927\/revisions"}],"predecessor-version":[{"id":229945,"href":"https:\/\/worldfoodchampionships-france.com\/index.php\/wp-json\/wp\/v2\/pages\/229927\/revisions\/229945"}],"wp:attachment":[{"href":"https:\/\/worldfoodchampionships-france.com\/index.php\/wp-json\/wp\/v2\/media?parent=229927"}],"curies":[{"name":"wp","href":"https:\/\/api.w.org\/{rel}","templated":true}]}}